29
Let w = -471 + 1098. List the prime factors of w.
3, 11, 19
Let q(o) = 54*o + 1. Let x = -1 - -2. Let i be q(x). Suppose -5*n = -2*n + 5*m - i, 5*m + 20 = 0. What are the prime factors of n?
5
Suppose 6*u - 42 = -0. What are the prime factors of (-3)/u - 10650/(-105)?
101
Let p(f) = 28*f**2 - 16*f - 77. List the prime factors of p(-4).
3, 5, 29
Let w = 798 - -156. List the prime factors of w.
2, 3, 53
Let x = -120 + 199. What are the prime factors of x?
79
Suppose 0 = -5*h + 69 + 76. Let o(j) = -14*j - 173. Let f be o(-15). Let c = f - h. List the prime factors of c.
2
Let l(a) = a**3 + 6*a**2 - 8*a - 4. Let k be l(-7). Suppose -28 = -5*p - 5*v - k, 0 = -3*p + 3*v + 27. List the prime factors of p.
7
Let l(k) = -2*k**2 + 22*k - 6. Let x be l(11). What are the prime factors of x/(-27)*-3*(7 - 70)?
2, 3, 7
Suppose -13*j = 1317 - 4125. List the prime factors of j.
2, 3
Suppose 0 = -10*u + 297 + 2193. Suppose 4*a - 483 = u. List the prime factors of a.
3, 61
Let y(p) = 1. Let j(m) = -15*m - 4. Let i(l) = j(l) - 2*y(l). List the prime factors of i(-8).
2, 3, 19
Suppose -2*r - 3*d = -181, 2*d + 12 = -2*d. Suppose 2*f + r = 7*f. List the prime factors of f.
19
Suppose 15*h = 19*h - 12. List the prime factors of 94 + (-1)/(1/h).
7, 13
Let u(o) = o**2 + o - 28. Let w be u(0). Let l = w - -43. List the prime factors of l.
3, 5
Let u(m) = -m**3 - 3*m**2 - 2*m + 2. Let j be (-6)/4 + (-6)/12. Let d be u(j). Suppose 7*q = d*z + 4*q - 1, -5*z + q + 22 = 0. What are the prime factors of z?
5
Let q(f) = -145*f - 466. List the prime factors of q(-30).
2, 971
Let i be (3 - 4)*-3*-1. List the prime factors of 1/((-100)/35 - i).
7
Let q = -5741 - -8540. What are the prime factors of q?
3, 311
Suppose -5*m + 4*w = -w + 330, -2*m + 4*w = 136. Let o = 105 + m. List the prime factors of o.
41
Suppose 5*t - t = -g + 13, -13 = -5*t + 2*g. Suppose -t*j - 140 + 488 = 0. What are the prime factors of j?
2, 29
Suppose -4*x + 0*x - 4*h + 6364 = 0, -4*x + 2*h = -6394. List the prime factors of x.
2, 3, 7, 19
Suppose 46*d = -15927 + 78395. List the prime factors of d.
2, 7, 97
Let n = -42 + 25. Let w = 20 + n. What are the prime factors of 70 + w + 7/(-1)?
2, 3, 11
Let w = 23 - -2. Suppose 3*y + y - 16 = 0. Suppose -4*z = 5*q - 16, 5*q - y*z - w = z. List the prime factors of q.
2
Suppose 0 = -q - 2 - 0. Let o(s) = -s - 2. Let f be o(q). Suppose -a - 8 = -5*m, 0 = 5*a - 5*m - f*m. What are the prime factors of a?
2
Suppose 7 - 1 = 2*v. Suppose 23 = 2*s - 3*h, h = v*s + s - 21. Suppose 0*x + 5*x - 238 = g, -2*x = s*g - 82. What are the prime factors of x?
47
Let v(c) = -c**3 + 17*c**2 + 5*c - 3. What are the prime factors of v(6)?
3, 47
List the prime factors of (-22 + 13)/((-12)/500).
3, 5
Let x be (-8)/((-2)/(-1)) + 151. Let o = 218 - x. List the prime factors of o.
71
Suppose 0 = -3*b - c + 1103, 17*b = 13*b - 2*c + 1472. List the prime factors of b.
367
Suppose 2*c - 4*q = -14, -2*c - 12 = 2*c - 4*q. List the prime factors of (1/(-4))/(c + (-1465)/1460).
73
Let s(a) = 12*a - 12. Let b(r) = 11*r - 11. Let c(w) = 7*b(w) - 6*s(w). List the prime factors of c(3).
2, 5
Let t = 682 - -1. What are the prime factors of t?
683
Let s(j) = -59*j - 446. What are the prime factors of s(-34)?
2, 3, 5, 13
Let p = -96 - -771. List the prime factors of p.
3, 5
Suppose -l - s - 38 = 2*l, l = s - 10. Let h = 42 + -28. Let p = h + l. List the prime factors of p.
2
Let o = 2 - -18. What are the prime factors of o/(21/(-66) + 2/4)?
2, 5, 11
Suppose -188*y + 192*y - 14656 = 5*c, 0 = 3*y + 4*c - 11023. What are the prime factors of y?
3, 1223
Suppose 10*m - 21296 = -34*m. List the prime factors of m.
2, 11
Let j(i) = i**2 - i - 94. What are the prime factors of j(27)?
2, 19
Suppose 12*v - 987 - 1293 = 0. What are the prime factors of v?
2, 5, 19
Suppose -38*a + 16559 = -188641. What are the prime factors of a?
2, 3, 5
Suppose 42*k + 467 = 43*k. What are the prime factors of k?
467
Let y be 0 + 7 - 0/1. Let d(q) = q**2 - 8*q - 2. Let w be d(10). Let r = y + w. What are the prime factors of r?
5
Let s(j) be the first derivative of j**4/4 + 5*j**3/3 + 5*j**2/2 + 3*j - 1. Suppose 0 = u + 3*h - 9, -2*u - 3*h + 6 = -0*h. List the prime factors of s(u).
2, 3
Let w = 0 + 0. Let k be ((-4)/(-10))/(348/(-90) - -4). Suppose w = k*v - 15 - 36. List the prime factors of v.
17
Let t = 48 - 76. Let h = -23 - t. Suppose p - z - 2*z = -7, 65 = h*p + 5*z. List the prime factors of p.
2
Suppose -4*u - 16 = 0, -3*u = -0*a + a - 61. Suppose 29 = 2*h + 3*h + 3*p, 1 = h - p. Suppose 203 = h*k - a. List the prime factors of k.
3, 23
Let b(z) = 93*z**3 + z**2 + 2*z + 1. Let g be b(-1). List the prime factors of (-4)/(-10) + g*(-52)/60.
3
Let i(n) = 110*n**2 + 41*n - 74. What are the prime factors of i(6)?
2, 1033
Suppose -4*c + t = -4*t + 24, 5*c - 5*t = -35. Let d = 25 + c. What are the prime factors of d?
2, 7
Suppose -4*m = -2*m - f + 500, 5*m - 5*f = -1260. Let a = 362 + m. List the prime factors of a.
2, 3, 19
Let g = 5 + -2. Suppose -4*s = 3*a - 4, a - 4*s + s = -g. Suppose 3*j + j - 160 = a. What are the prime factors of j?
2, 5
Let m(o) = 2*o**3 + o**2 + o + 2. Let j be m(3). Let u be j/10 - 8/(-40). Suppose -u*l + 2*l = -25. What are the prime factors of l?
5
Let s be 3/(-1) + 6 + 0. Suppose h - s*a = 79, h - 63 = -3*a + 2*a. Let o = h - 45. What are the prime factors of o?
2, 11
Suppose -q - 11 + 32 = -3*d, -3*q + 2*d + 35 = 0. Let f be -10*(q/6 + -2). Suppose -h + 46 = u, f*h - 162 = 2*h + 3*u. List the prime factors of h.
2, 5
Let g(u) = -u**3 + 11*u**2 - u + 16. Let s be g(11). Suppose -3*a + 11 = s*m, 2*m - a + 1 = -4*a. List the prime factors of m/(-18) - 382/(-18).
3, 7
Suppose -3*j + 5*q + 1881 = 0, -13*j + 14*j - q - 627 = 0. List the prime factors of j.
3, 11, 19
Suppose -2*h + 4*f + 360 = 0, -f + 171 = 5*h - 4*h. Let g = -123 + h. Suppose 2*v - 4*c + g = 3*v, -2 = -c. List the prime factors of v.
43
Let q = 976 - -86. What are the prime factors of q?
2, 3, 59
Let y = -5 + 11. Suppose 2*t + y*a - 2*a = 72, 2*t = -2*a + 76. What are the prime factors of t?
2, 5
Let g(m) = -4*m - 2. Let t be g(-8). Suppose -5*s + 13 = -67. Let f = t - s. List the prime factors of f.
2, 7
Let j(y) = 2*y**2 + 7*y + 4. Let u be j(-7). Let s = u + -35. List the prime factors of s.
2, 3
Let d be (-140)/(-50) + 2/10. Let a(t) = 5*t - 2 - t**3 - d - 3 - 6*t**2. List the prime factors of a(-7).
2, 3
Suppose 5*g + 10 = 0, 2*g = 5*c - 3*g - 1435. List the prime factors of c.
3, 5, 19
Let w = -9 + 59. What are the prime factors of (w/8)/(4/48)?
3, 5
Let z = 8 - -22. Suppose -m - z = -4*m. What are the prime factors of m?
2, 5
Suppose a = -4*r + 7559, -3*a - 9262 + 1715 = -4*r. List the prime factors of r.
1889
Let z(c) = -c**3 - 5*c**2 - c - 2. Suppose 4*d = -8 - 12. Let t be z(d). Suppose t*k = 15 + 60. List the prime factors of k.
5
Let p be (12 + -6)/(1/(-1)). Let s = 12 + p. Suppose 4*z = s*z - 72. What are the prime factors of z?
2, 3
Let a(q) = q + 5. Let f be a(-8). Let r be (2*7)/(f/(-6)). Let x = 49 - r. What are the prime factors of x?
3, 7
What are the prime factors of 3/(-6) - (-1)/((-2)/(-797))?
2, 199
Let z be (1 + 0)/(2/4). Let p be 8/(8 - 4) - z. Suppose -2*r + 8 = -0*r, p = 3*b + r - 118. List the prime factors of b.
2, 19
Let x = 425 + -284. Let l = -467 + x. What are the prime factors of 6/(-27) + l/(-9)?
2, 3
Let h(a) = -a**2 + 2*a + 2. Let g be h(4). Let i = -1 - g. Suppose -i*d + 65 = -5*y, 2*d = d - y + 23. What are the prime factors of d?
2, 3
Let r(g) be the first derivative of -g**3/3 + 6*g**2 - 6*g + 1. Let p be r(11). Suppose 0 = p*t - 95 + 30. List the prime factors of t.
13
Let x(q) = -q**2 + 6*q - 4. Suppose 8*o - 24 = -0*o. Let n be x(o). Suppose 2*a + 226 = 5*a - 2*h, -370 = -n*a + 2*h. List the prime factors of a.
2, 3
Suppose 2*a - 215 = 5*o, -2*o + 5*a - 200 = 3*o. List the prime factors of (-3 - o)*18/21.
2, 3
Suppose -463 - 1955 = -2*k. What are the prime factors of k?
3, 13, 31
Suppose -707 = -2*b - 5*b. Let j = 151 - b. List the prime factors of j.
2, 5
Let u be 0 + 3 - 7/1. Let b(n) = -3*n - 9. Let z be b(u). List the prime factors of 38/z + 4/(-6).
2, 3
List the prime factors of (2256/(-192))/((-2)/104).
13, 47
Let d(x) = x + 14. Let q be d(-10). Suppose -q*g + 187 = 3*a, 28 = g - 5*